{"id":38,"date":"2019-11-04T15:22:21","date_gmt":"2019-11-04T14:22:21","guid":{"rendered":"https:\/\/prolitech.si\/trgovina\/?post_type=product&#038;p=38"},"modified":"2022-12-30T18:26:09","modified_gmt":"2022-12-30T17:26:09","slug":"bremenski-trak-trikrak","status":"publish","type":"product","link":"https:\/\/prolitech.si\/trgovina\/izdelek\/bremenski-trak-trikrak\/","title":{"rendered":"Bremenski trak trikrak"},"content":{"rendered":"<p>Bremenski dvi\u017eni trak trikrak ima pred bremesnko \u0161tiri\/trikrako verigo in jeklenico prednost v svoji te\u017ei, saj je za enako nazivno nosilnostjo veliko la\u017eji. Kar posledi\u010dno omogo\u010da la\u017ejo uporabo.<\/p>\n<p>Dovoljena nosilnost:<\/p>\n<table border=\"0\" cellspacing=\"5\" align=\"center\">\n<tbody>\n<tr>\n<td rowspan=\"2\">Nazivna nosilnost v kg<\/td>\n<td style=\"text-align: center;\">0\u00ba-45\u00ba F=2,1<\/td>\n<td style=\"text-align: center;\">45\u00ba-60\u00ba F=1,5<\/td>\n<\/tr>\n<tr>\n<td style=\"text-align: center;\" colspan=\"2\">Dovoljena nosilnost v kg<\/td>\n<\/tr>\n<tr>\n<td style=\"text-align: center;\">1000<\/td>\n<td style=\"text-align: center;\">2100<\/td>\n<td style=\"text-align: center;\">1500<\/td>\n<\/tr>\n<tr>\n<td style=\"text-align: center;\">2000<\/td>\n<td style=\"text-align: center;\">4200<\/td>\n<td style=\"text-align: center;\">3000<\/td>\n<\/tr>\n<tr>\n<td style=\"text-align: center;\">3000<\/td>\n<td style=\"text-align: center;\">6300<\/td>\n<td style=\"text-align: center;\">4500<\/td>\n<\/tr>\n<tr>\n<td style=\"text-align: center;\">4000<\/td>\n<td style=\"text-align: center;\">8400<\/td>\n<td style=\"text-align: center;\">6000<\/td>\n<\/tr>\n<tr>\n<td style=\"text-align: center;\">5000<\/td>\n<td style=\"text-align: center;\">10500<\/td>\n<td style=\"text-align: center;\">7500<\/td>\n<\/tr>\n<tr>\n<td style=\"text-align: center;\">6000<\/td>\n<td style=\"text-align: center;\">12600<\/td>\n<td style=\"text-align: center;\">9000<\/td>\n<\/tr>\n<tr>\n<td style=\"text-align: center;\">8000<\/td>\n<td style=\"text-align: center;\">16800<\/td>\n<td style=\"text-align: center;\">12000<\/td>\n<\/tr>\n<tr>\n<td style=\"text-align: center;\">10000<\/td>\n<td style=\"text-align: center;\">21000<\/td>\n<td style=\"text-align: center;\">15000<\/td>\n<\/tr>\n<\/tbody>\n<\/table>\n<p>Meritev dol\u017eine:<\/p>\n<p><img loading=\"lazy\" decoding=\"async\" class=\"aligncenter size-full wp-image-4252\" src=\"https:\/\/prolitech.si\/trgovina\/wp-content\/uploads\/2019\/11\/\u0160tiri_tri_krak_bremenski_trak_kotiran.jpg\" alt=\"\u0160tiri tri krak bremenski trak kotiran\" width=\"500\" height=\"771\" srcset=\"https:\/\/prolitech.si\/trgovina\/wp-content\/uploads\/2019\/11\/\u0160tiri_tri_krak_bremenski_trak_kotiran.jpg 500w, https:\/\/prolitech.si\/trgovina\/wp-content\/uploads\/2019\/11\/\u0160tiri_tri_krak_bremenski_trak_kotiran-195x300.jpg 195w\" sizes=\"auto, (max-width: 500px) 100vw, 500px\" \/><\/p>\n<p>Oddajte povpra\u0161evanje \u0161e danes:<\/p>\n<p><span data-sheets-value=\"{&quot;1&quot;:2,&quot;2&quot;:&quot;&quot;}\" data-sheets-userformat=\"{&quot;2&quot;:2561,&quot;3&quot;:{&quot;1&quot;:0},&quot;12&quot;:0,&quot;14&quot;:{&quot;1&quot;:2,&quot;2&quot;:0}}\"><div class=\"wpforms-container wpforms-container-full\" id=\"wpforms-19487\"><form id=\"wpforms-form-19487\" class=\"wpforms-validate wpforms-form wpforms-ajax-form\" data-formid=\"19487\" method=\"post\" enctype=\"multipart\/form-data\" action=\"\/trgovina\/wp-json\/wp\/v2\/product\/38\" data-token=\"792f4f1636f024cc48d74b708f55eb22\" data-token-time=\"1777509704\"><noscript class=\"wpforms-error-noscript\">Please enable JavaScript in your browser to complete this form.<\/noscript><div class=\"wpforms-field-container\"><div id=\"wpforms-19487-field_4-container\" class=\"wpforms-field wpforms-field-name\" data-field-id=\"4\"><label class=\"wpforms-field-label\" for=\"wpforms-19487-field_4\">Ime in priimek <span class=\"wpforms-required-label\">*<\/span><\/label><input type=\"text\" id=\"wpforms-19487-field_4\" class=\"wpforms-field-medium wpforms-field-required\" name=\"wpforms[fields][4]\" placeholder=\"Janez Novak\" required><\/div><div id=\"wpforms-19487-field_3-container\" class=\"wpforms-field wpforms-field-email\" data-field-id=\"3\"><label class=\"wpforms-field-label\" for=\"wpforms-19487-field_3\">E-naslov <span class=\"wpforms-required-label\">*<\/span><\/label><input type=\"email\" id=\"wpforms-19487-field_3\" class=\"wpforms-field-medium wpforms-field-required\" name=\"wpforms[fields][3]\" placeholder=\"*janez.novak@gmail.com\" spellcheck=\"false\" required><\/div><div id=\"wpforms-19487-field_7-container\" class=\"wpforms-field wpforms-field-textarea\" data-field-id=\"7\"><label class=\"wpforms-field-label\" for=\"wpforms-19487-field_7\">Kako vam lahko pomagamo?<\/label><textarea id=\"wpforms-19487-field_7\" class=\"wpforms-field-medium\" name=\"wpforms[fields][7]\" placeholder=\"*Potrebujem ponudbo za enodelno povezovalno verigo, povezovalne sile 4000 daN in dol\u017eine 3m. \" ><\/textarea><\/div><div id=\"wpforms-19487-field_6-container\" class=\"wpforms-field wpforms-field-checkbox\" data-field-id=\"6\"><label class=\"wpforms-field-label\">GDPR <span class=\"wpforms-required-label\">*<\/span><\/label><ul id=\"wpforms-19487-field_6\" class=\"wpforms-field-required\"><li class=\"choice-1 depth-1\"><input type=\"checkbox\" id=\"wpforms-19487-field_6_1\" name=\"wpforms[fields][6][]\" value=\"Zaradi GDPR je obvezna privolitev pred oddajo obrazca. Vneseni podatki bodo uporabljeni za izvedbo in bele\u017eenje povpra\u0161evanja. Va\u0161ih podatkov ne potrebujemo za druge namene in jih ne delimo z tretjimi osebami.\" required ><label class=\"wpforms-field-label-inline\" for=\"wpforms-19487-field_6_1\">Zaradi GDPR je obvezna privolitev pred oddajo obrazca. Vneseni podatki bodo uporabljeni za izvedbo in bele\u017eenje povpra\u0161evanja. Va\u0161ih podatkov ne potrebujemo za druge namene in jih ne delimo z tretjimi osebami.<\/label><\/li><\/ul><\/div><\/div><!-- .wpforms-field-container --><div class=\"wpforms-submit-container\" ><input type=\"hidden\" name=\"wpforms[id]\" value=\"19487\"><input type=\"hidden\" name=\"page_title\" value=\"\"><input type=\"hidden\" name=\"page_url\" value=\"https:\/\/prolitech.si\/trgovina\/wp-json\/wp\/v2\/product\/38\"><input type=\"hidden\" name=\"url_referer\" value=\"\"><button type=\"submit\" name=\"wpforms[submit]\" id=\"wpforms-submit-19487\" class=\"wpforms-submit\" data-alt-text=\"Po\u0161iljanje\" data-submit-text=\"Po\u0161lji\" aria-live=\"assertive\" value=\"wpforms-submit\">Po\u0161lji<\/button><img loading=\"lazy\" decoding=\"async\" src=\"https:\/\/prolitech.si\/trgovina\/wp-content\/plugins\/wpforms-lite\/assets\/images\/submit-spin.svg\" class=\"wpforms-submit-spinner\" style=\"display: none;\" width=\"26\" height=\"26\" alt=\"Loading\"><\/div><\/form><\/div>  <!-- .wpforms-container --><\/span><\/p>\n<p>Vse slike in modeli so simboli\u010dni.<\/p>\n","protected":false},"excerpt":{"rendered":"<p>Bremenski dvi\u017eni trak trikrak ima pred bremesnko \u0161tiri\/trikrako verigo in jeklenico prednost v svoji te\u017ei, saj je za enako nazivno<\/p>\n","protected":false},"featured_media":14450,"comment_status":"open","ping_status":"closed","template":"","meta":{"om_disable_all_campaigns":false,"_monsterinsights_skip_tracking":false,"_monsterinsights_sitenote_active":false,"_monsterinsights_sitenote_note":"","_monsterinsights_sitenote_category":0},"product_brand":[],"product_cat":[568,1542],"product_tag":[],"yst_prominent_words":[],"class_list":{"0":"post-38","1":"product","2":"type-product","3":"status-publish","4":"has-post-thumbnail","6":"product_cat-trakovi","7":"product_cat-dvizni-trakovi","9":"first","10":"instock","11":"taxable","12":"shipping-taxable","13":"purchasable","14":"product-type-simple"},"aioseo_notices":[],"_links":{"self":[{"href":"https:\/\/prolitech.si\/trgovina\/wp-json\/wp\/v2\/product\/38","targetHints":{"allow":["GET"]}}],"collection":[{"href":"https:\/\/prolitech.si\/trgovina\/wp-json\/wp\/v2\/product"}],"about":[{"href":"https:\/\/prolitech.si\/trgovina\/wp-json\/wp\/v2\/types\/product"}],"replies":[{"embeddable":true,"href":"https:\/\/prolitech.si\/trgovina\/wp-json\/wp\/v2\/comments?post=38"}],"wp:featuredmedia":[{"embeddable":true,"href":"https:\/\/prolitech.si\/trgovina\/wp-json\/wp\/v2\/media\/14450"}],"wp:attachment":[{"href":"https:\/\/prolitech.si\/trgovina\/wp-json\/wp\/v2\/media?parent=38"}],"wp:term":[{"taxonomy":"product_brand","embeddable":true,"href":"https:\/\/prolitech.si\/trgovina\/wp-json\/wp\/v2\/product_brand?post=38"},{"taxonomy":"product_cat","embeddable":true,"href":"https:\/\/prolitech.si\/trgovina\/wp-json\/wp\/v2\/product_cat?post=38"},{"taxonomy":"product_tag","embeddable":true,"href":"https:\/\/prolitech.si\/trgovina\/wp-json\/wp\/v2\/product_tag?post=38"},{"taxonomy":"yst_prominent_words","embeddable":true,"href":"https:\/\/prolitech.si\/trgovina\/wp-json\/wp\/v2\/yst_prominent_words?post=38"}],"curies":[{"name":"wp","href":"https:\/\/api.w.org\/{rel}","templated":true}]}}